 -5*g + 3 = -2*g. Let y(p) = -p**3 + 3*p**2 + 3*p + 4. Calculate y(x).
0
Suppose 3*i + 5 = 8*i. Let x(o) = -2*o**3 - o**3 - 2*o**3 - i. Give x(-1).
4
Let k(j) = 12*j**2 - j - 1. Let s = 91 - 92. Give k(s).
12
Suppose 1 - 7 = -3*t. Let n be (0 - 1)/((-3)/t + 1). Let h(g) = -2*g**2 + g + 1. Calculate h(n).
-5
Let h(v) = v + 9*v + v**2 - 8 - 6*v + 3 + 0. Calculate h(2).
7
Let r(c) be the third derivative of -c**6/720 - c**5/24 - 13*c**4/12 - 4*c**2. Let m(p) be the second derivative of r(p). Give m(5).
-10
Let t(y) = -y + 20. Let c(q) = 3*q**3 + 16*q**2 + 6*q + 5. Let z be c(-5). Give t(z).
20
Let x be 8/3*(-3)/(-2). Let t(r) = 2 + x - 3 - 2*r. Suppose 0 = -0*z + 3*z - 6. Determine t(z).
-1
Let j(s) = -5*s**3 - 8*s**2 + 2*s + 6. Let c(v) = -6*v**3 - 8*v**2 + v + 6. Suppose -5*l + 3 - 2 = -4*m, 10 = 2*l. Let w(u) = m*c(u) - 7*j(u). Determine w(6).
18
Let c(b) = 2*b + 5. Let n be 18/54 + 8/3. Suppose n*s = 2*x + 11, s + 2*x - 24 = -3*s. What is c(s)?
15
Suppose 6*i = -6*i + 36. Let m(a) = -20*a**3 - a**2 - 5*a**2 + 7 + 19*a**i + 1. Determine m(-6).
8
Let n(x) = x**3 + x - 5. Let r(a) = 2*a**3 + a - 3. Let t(j) = -3*n(j) + 2*r(j). Determine t(0).
9
Let j(m) = 7*m**2 + 11*m - 1. Let v(n) = 15*n**2 + 23*n - 2. Let q(w) = -13*j(w) + 6*v(w). Let h = -6910 - -6905. Calculate q(h).
1
Let g(b) be the third derivative of -1/6*b**3 - 1/24*b**4 + 0*b + 0 + 1/30*b**5 - 5*b**2. What is g(-1)?
2
Let q(o) = -17*o - 5. Let v(b) = -16*b - 4. Let m(w) = 2*q(w) - 3*v(w). Let k be m(1). Let s = -10 + k. Let x(h) = -2*h + 8. Determine x(s).
-4
Let k(a) = -a**3 - 6*a**2 - 40*a - 5 - 52*a + 100*a - a**2. Calculate k(-8).
-5
Let d = 11 - 8. Let a = 51 - 52. Let j be -2 - (d - (2 + a)). Let x(p) = -p. Give x(j).
4
Let y(x) = x**2 - 18*x - 88. Let q be y(-4). Let f(h) be the third derivative of -1/24*h**4 - 4/3*h**3 + 5*h**2 + 0 + q*h. What is f(6)?
-14
Suppose -4*a = -3*z + 64, -80 = -4*z + 5*a - a. Let w = z - 22. Let n = 4 + w. Let f(l) = 3*l + 1. What is f(n)?
-5
Let h(w) be the second derivative of -w**4/12 - 2*w**3 + 27*w**2/2 + 154*w. Determine h(-14).
-1
Suppose -g = 3*q - 10, 6 = -3*q + 2*g + g. Suppose -4*f + 3*v - 1 = -3*f, 2 = -q*f + 2*v. Let u(c) = 5*c**2 - c - 1. What is u(f)?
5
Let o(b) = -34 + 2*b + 34. Let c be o(-3). Let t = c + 3. Let l(d) = -d**2 - 3*d - 1. Calculate l(t).
-1
Let f(n) = -n**3 + 3*n**2 - 3*n + 2. Suppose 0*q + 10 = -3*q + 4*g, -4*q + 4*g - 8 = 0. Calculate f(q).
0
Let p(z) = z**3 + 2*z**2 + z + 1. Suppose 4*b = o - 5, 0 = -2*o - o - 3*b. Let w be (-18*o)/(18/(-24)). Let i = w + -27. Determine p(i).
-11
Let z(m) = m**3 + m**2 + m - 5. Let p(g) = -g**2 + 4*g - 2. Let k be p(1). Suppose 4*h - 5*l - 4 = -l, h + l = -k. What is z(h)?
-5
Let k(f) be the second derivative of f**4/12 + 5*f**3/6 - 7*f**2/2 + 468*f. Determine k(-8).
17
Let o = -12 + 17. Let j be 9/45 + (-28)/(-10). Let v(q) = -4*q**2 - 4*q - 2*q**3 + 4*q**3 + 6 - q**j - 10. Calculate v(o).
1
Let c(b) = 2*b - 10. Let p(o) = -o**3 - o**2 + 22*o + 54. Let z be p(-3). Give c(z).
2
Let j(h) = 2*h**3 - h**2 + h - 1. Let r(y) = 7*y**3 - 4*y**2 + 3*y - 3. Let g(k) = 3*j(k) - r(k). Give g(-1).
2
Let x(l) = -9*l**2 + 9*l - 10. Let h(n) = -2*n**2 - 1. Let v(o) = 4*h(o) - x(o). Determine v(7).
-8
Let q(s) = -2*s**3 - 3*s**2 + 2*s + 2. Suppose -d = 7*d. Suppose 43*c - 40*c + 9 = d. Give q(c).
23
Let m = -2011 + 2015. Let k(q) be the third derivative of -8*q**2 + 0*q + 0 + 1/24*q**m + q**3. What is k(-6)?
0
Suppose 0 = -4*g - 4*q - 72, -4*g + 2*g - 40 = 3*q. Let i be 16/6*21/g. Let h(a) = a**3 + 4*a**2 + 5. Calculate h(i).
5
Let j be -8 + 148 + (0 + -4 - -2). Let d(z) = -j + 10*z - z**2 + 276 - 144. Calculate d(9).
3
Let i(u) = 3*u + 6. Let j be i(-3). Let p(t) = -t + 1. What is p(j)?
4
Let s(o) = -57*o - 41*o + 8 + 99*o. Give s(-3).
5
Let u(n) be the third derivative of -n**6/120 + n**5/15 + n**4/24 + n**3/3 + n**2. Let f be u(4). Suppose m + f = -m. Let y(c) = 2*c**2 + 4*c + 2. What is y(m)?
8
Let a(r) = -4 - r**2 - 2*r + 2 - 1. Let m(l) = -3*l**2 - 17*l - 32. Let o(i) = 2*i**2 + 8*i + 16. Let p(z) = 3*m(z) + 5*o(z). Let c be p(12). What is a(c)?
-11
Let w(u) be the third derivative of -u**5/60 - u**4/3 - 4*u**3/3 - 2*u**2. Let d be w(-6). Let c(x) = d*x - 8 + 1 + 8. What is c(-2)?
-7
Let w be (-1 - 1/2)*-2. Let f(o) be the first derivative of o**2 - o + 5. Give f(w).
5
Let g(z) = -z + 7. Let r(q) = q**3 - 14*q**2 - 16*q + 13. Let h be r(15). Let x be (40/(-16))/(1/h). Determine g(x).
2
Let w be (1/2)/(12 + (-313)/26). Let m(g) = -g**2 - 18*g - 13. What is m(w)?
52
Suppose 2*n + 0 = 4. Let p(f) = 1 - f - 2 + n. Let v = 1251 + -1254. Determine p(v).
4
Let c(u) = 3*u + 3. Suppose -v = 4*n + 13, 0 = 5*n - 105*v + 101*v - 10. Calculate c(n).
-3
Let l be 9/6 + 1/(-2) + 1. Let u be -1 + ((-6)/4)/(l/4). Let z(m) = -3*m + 1. Determine z(u).
13
Let v(s) = -2*s - 34. Let u(r) = r + 20. Let j(q) = -10*u(q) - 6*v(q). What is j(-4)?
-4
Let s(r) = -3*r + 5. Let u(i) be the third derivative of 5/3*i**3 + 0 + 0*i + 6*i**2 + 1/24*i**4. Let p be u(-6). Determine s(p).
-7
Let y(g) = -1. Let c(w) = w**2 + 4*w + 8. Let j(m) = c(m) + 5*y(m). Suppose -7*s - 13 = 8. Let v be (3*(-1)/(-1))/(s/2). Determine j(v).
-1
Let v(x) be the first derivative of -x**3/3 - 7*x**2/2 - 7*x - 68. What is v(-6)?
-1
Let v(w) = w**2 + w - 1. Suppose -18*l = -16*l + 4. Give v(l).
1
Let v(u) = u**2 - u + 8. Let r(c) = -28*c - 332. Let o be r(-12). Give v(o).
20
Let j(q) = -6 + q - 4 + 1 - 1. Let o(d) = 2*d - 21. Let m(u) = 9*j(u) - 4*o(u). Suppose -5*i = 20, 0*c - 3*i = -3*c + 21. Calculate m(c).
-3
Let t = 1827 - 1824. Let i(a) = -a**3 + a**2 + 4*a + 3. Calculate i(t).
-3
Let g(o) = -5*o**3 + 2*o**2 - 7*o - 1. Let n(w) = 6*w**3 - w**2 + 8*w. Let l(k) = -5*g(k) - 4*n(k). Let j be (-25)/2*16/20. Let y = 15 + j. What is l(y)?
-5
Let q(l) = 11*l - 16. Let y(s) = -21*s + 31. Let z(n) = 7*q(n) + 4*y(n). Let r(d) = 15*d - 25. Let u = -253 - -266. Let p(k) = u*z(k) + 6*r(k). Give p(5).
1
Let r(j) = -j**3 - 2*j**3 + 3*j**3 - 2 - 10*j + j**3 + 3*j**2 - 2. Give r(-5).
-4
Let p(s) = 10*s**2 + 20*s - 17. Let i(v) = 7*v**2 + 13*v - 12. Let d(o) = -7*i(o) + 5*p(o). Calculate d(-9).
-1
Let m(t) = -3*t - 7. Let f be m(1). Let x(y) = 5*y + 54. Calculate x(f).
4
Let m be -1 + 36 - 2*2. Suppose -15 = -34*b + m*b. Let d(n) = -n + 10. Let l(t) = t - 10. Let u(h) = -5*d(h) - 4*l(h). Give u(b).
-5
Suppose -35*l + 40*l + t = 70, 0 = -4*l + 3*t + 75. Let s(q) = 3*q - 27. Give s(l).
18
Let z be 4/(-6)*63/6. Let x = z + 6. Let p(d) = -20*d**3 + 2*d + 1. Give p(x).
19
Let h be (-2 - 20/(-6))*3. Suppose 3*y + 4 = -0*y - x, 3*y + h*x - 11 = 0. Let u(a) be the first derivative of 3*a**2/2 - a - 196. Give u(y).
-10
Let h(j) = j**3 - 7*j**2 - 2*j - 5. Suppose 8*b - 6*b - 6 = 0. Let n be (-279)/(-36) - b/4. Calculate h(n).
-19
Suppose 2*a + 4*q = 24, a + 18 = -0*a + 4*q. Let s be (a/(-4)*-2)/(-1). Let d(i) = 19*i**3 - i**2 - i. Give d(s).
-19
Let t be 0 + 3 + 9/(-1) - -4. Let r(y) = 0*y + 2*y + 5*y**2 + y + y**2 + y**3. Give r(t).
10
Let z(i) = -5*i - 1. Let c(q) = -q**2 + 4*q + 7. Let g be c(5). Suppose 0 = -4*m + 2*m - g. Let y be (m - 0)/((-1)/(-1)). Give z(y).
4
Let m(x) = -5*x - 11*x - 14*x - 7 + 29*x. Give m(-13).
6
Let j(m) = m**2 + 6*m - 1. Suppose 15 = 7*z - 10*z. Let w(x) be the third derivative of -x**5/60 - x**4/12 + 5*x**3/3 + 2*x**2. Let c be w(z). Give j(c).
-6
Let q be 159/51 - (-1)/((-119)/14). Let s(x) be the first derivative of 3*x + 5/2*x**2 - 1/4*x**4 - 9 - 4/3*x**q. Give s(-5).
3
Let b be (1 - 2)*(7 - -14). Let g = b - -45. Suppose -4*m - g = -0*m + 4*z, -15 = -5*m + 4*z. Let k(c) = -6*c - 1. Calculate k(m).
5
Let o(c) = -4*c + 35. Suppose 5*v + 328 = 373. What is o(v)?
-1
Let l = -266 - -267. Let m(b) = -16*b - 1. Give m(l).
-17
Let a(o) = 1 + 5*o + 11*o + 12*o - 26*o. Calculate a(2).
5
Suppose 4*w - 8 = -12. Let l be 1/(-2)*4 + w. Let f(z) = -z - 4. Determine f(l).
-1
Let f(g) = -g - 1. Let u(c) = -c**2 - 6*c + 5. Let a(n) = -2*f(n) - u(n). What is a(-8)?
-3
Let a(d) be the second derivative of d**3/6 + 10*d**2 - 394*d. Determine a(-9).
11
Let c(a) = -3*a**3 - 18*a**2 - 23*a - 13. Let z(n) = -n**3 - 9*n**2 - 11*n - 6. Let o(x) = -2*c(x) + 5*z(x). What is o(10)?
6
Let v = -17 - -24. Let j = 10 - v. Let h(w) = w + 1. Let s(m) = m - 6. Let p(y) =